 d be j(h). Calculate the highest common factor of 30 and d.
10
Let y = 49 + -33. Suppose 2*u = 22 - y. What is the highest common divisor of u and 1?
1
Let t be (0 - 2) + 3 - -3. Suppose 5*a - 8 = a, -3*a - 6 = -t*j. Suppose -j*q - 5 = -8*q. What is the greatest common divisor of q and 4?
1
Suppose 164 = q - 0*y + 4*y, 457 = 3*q + 5*y. Calculate the highest common divisor of q and 16.
16
Let q(c) = 7*c - 1. Let z be q(8). Let h = -25 + 23. Let d be (-20)/50*25/h. What is the greatest common factor of d and z?
5
Suppose -4*o = -2*y + 62, 3*o + 57 = 6*y - 4*y. Calculate the highest common divisor of y and 28.
7
Let x(w) = -9*w - 102. Let v be x(-16). Calculate the highest common divisor of 28 and v.
14
Suppose -8*q + i = -7*q - 23, -2*q = 2*i - 34. Calculate the highest common factor of q and 5.
5
Suppose 0 = -0*q + 3*q. Suppose 0 = -2*a - q*a + 90. Calculate the greatest common factor of a and 9.
9
Let f = -19 + 66. Suppose 3*k - f = -2. Let u be (-3)/(10/(-1750)*5). Calculate the highest common divisor of u and k.
15
Let s = -1595 + 1633. What is the highest common divisor of 2014 and s?
38
Suppose -4*z + 1204 = 2*j - 5*j, 3*z + 3*j - 924 = 0. Calculate the greatest common factor of z and 80.
16
Let p = -284 + 288. Calculate the highest common factor of 26 and p.
2
Suppose -9*x - 90 = -450. What is the greatest common factor of x and 20?
20
Let c(i) = -i**3 - 6*i**2 - 4*i. Suppose -8*m - 18 - 30 = 0. Let a be c(m). Calculate the greatest common factor of a and 8.
8
Let r(h) = 11*h**2 - 2*h + 3. Let d be r(4). Let u be (16/((-32)/18))/(3 + -4). What is the highest common factor of d and u?
9
Suppose 114 = -s + 6*s + 2*a, a + 123 = 5*s. Let d(i) = -i**2 + 47*i + 60. Let t be d(47). Calculate the highest common divisor of t and s.
12
Suppose -3*v + 4*v = -3*q - 32, -2*q - 68 = 3*v. Let w be v/(-3)*9/6. What is the greatest common factor of w and 20?
10
Let k = 3 + 21. Calculate the highest common divisor of 24 and k.
24
Let b = 96 + -76. What is the highest common factor of 28 and b?
4
Let w = -643 + 913. Let p be 48/(-28)*((-156)/8 - -2). What is the highest common factor of w and p?
30
Suppose -2*c + 0*c = l - 24, 5*l - 42 = -4*c. Suppose -v = 3*w + 95, w + c = 3*v - 8*v. Let z = -20 - w. What is the highest common divisor of 13 and z?
13
Let m(o) = -o**3 + 5*o**2 - 6*o + 40. Let v be m(5). Calculate the highest common divisor of 265 and v.
5
Let f be 4 + -4 - 10*-8. Suppose f = 4*c + c. Let s be (-1 + -1)*(-2)/(-4)*-4. Calculate the highest common factor of c and s.
4
Let l = -1897 - -1092. Let m be 2/(-2 + l/(-400)). What is the greatest common factor of m and 10?
10
Let s(i) = -3*i**2 + 62*i + 24. Let y be s(21). Calculate the greatest common factor of 276 and y.
3
Let x be ((-22 - -23) + (-91 - 1))*-1. What is the greatest common divisor of x and 14?
7
Suppose -4*q = -578 - 258. Calculate the highest common factor of q and 19.
19
Let g(c) = c**3 - 10*c**2 + 9*c + 20. Let d be g(9). What is the greatest common factor of d and 50?
10
Let s = 131 - 109. Calculate the greatest common divisor of s and 176.
22
Let c be ((-70)/6)/((-30 + 31)*(-2)/6). Let y be 1/4 + 27/4. What is the highest common factor of y and c?
7
Suppose 0*i = i + m - 56, -4*i = -4*m - 192. Suppose -z = 3*z + i. Let k = -11 - z. Calculate the greatest common factor of k and 6.
2
Suppose -4*z = 3*g - 41, -z + 5*z = 3*g - 25. Let h(i) = -7*i**2 + 28*i + 1. Let q be h(4). What is the highest common factor of q and g?
1
Suppose 409 = 2*w - 429*p + 428*p, 0 = 4*w - 3*p - 821. Calculate the highest common factor of 261 and w.
29
Suppose 2*x - 3*o - 4 = 12, 0 = -5*x - o + 74. What is the greatest common factor of x and 434?
14
Let n(z) = 2*z - 5. Let i be n(9). Let d = 26 - i. What is the highest common factor of d and 39?
13
Let z = 61 - -11. Suppose 5 - 1 = 2*m. Let b(p) = -p**3 + 5*p**2 - 3. Let a be b(m). What is the highest common divisor of z and a?
9
Suppose 137 - 242 = -7*u. What is the highest common factor of u and 1245?
15
Let t be 90/27*(-12)/(-1). Let s = -34 + t. Let q = 33 - s. Calculate the highest common divisor of 297 and q.
27
Suppose 17 = -u + 2*u. Let x(q) = -q**2 - 14*q + 9. Let n be x(-15). Let r be 3 - (n + 2 + -78). What is the greatest common divisor of r and u?
17
Suppose -3*a - f = 512, 2*f + 0*f - 666 = 4*a. Let j = a + 253. Calculate the greatest common factor of 21 and j.
21
Let x be (630/(-12))/3*(-8)/2. What is the greatest common divisor of x and 14?
14
Let h be (51/(-2))/(5/(-100)). What is the greatest common divisor of 6 and h?
6
Let q = 495 + -407. What is the greatest common divisor of 200 and q?
8
Suppose -5*h = 10, h + 0*h = 4*r - 38. Suppose -2*v + 31 = -23. Suppose 2*j = 5*k - j - 135, -k + v = 4*j. Calculate the greatest common divisor of k and r.
9
Let u = -80 - -107. Calculate the greatest common divisor of u and 3.
3
Let h = 323 + -242. Calculate the greatest common divisor of 135 and h.
27
Let k be (-11)/((-33)/9264)*10/10. What is the greatest common factor of 16 and k?
16
Suppose 14022 + 33213 = 67*k. What is the greatest common factor of k and 15?
15
Suppose 60*z - 15*z = 45. Let d(w) = -4*w - 4. Let x be d(-3). What is the greatest common factor of x and z?
1
Suppose -16*r - r = -119. Calculate the greatest common factor of r and 329.
7
Suppose 3*x - 4*p - 54 = 0, -2*x + 15 = -3*p - 21. Suppose -123 = -3*o - x. Suppose 5*w = w + 56. What is the highest common factor of o and w?
7
Suppose -5*u - c + 126 = 0, 0 = 4*u + 33*c - 34*c - 108. Suppose 2*t - 390 = -t. What is the greatest common factor of t and u?
26
Let y(r) = 39*r - 18. Let m be y(3). Calculate the highest common divisor of m and 231.
33
Let n be (-4)/(-3*8/(-36)). Let w(u) = -u**3 - 7*u**2 - 8*u - 8. Let t be w(n). What is the highest common divisor of 6 and t?
2
Let s = 1504 - 1460. What is the highest common divisor of 418 and s?
22
Let a = -13 + 16. Let u(f) = 10*f**3 - f**2 - 1 + 17*f + a*f**3 - 15*f - 4*f**3. Let p be u(1). Calculate the greatest common factor of 36 and p.
9
Let u = 10 - 10. Suppose u*w = w - 88. Suppose s - w = -3*s. What is the greatest common factor of s and 33?
11
Suppose 5*w = 1 + 24. Let u = 33 - w. What is the greatest common divisor of 42 and u?
14
Let b(o) = o**2 + 4*o + 5. Let k be b(-6). Let i = 1404 - 1268. What is the greatest common factor of k and i?
17
Suppose -5*a + 7 = -13. Suppose -29 = -3*k - 2*i, 0 = -3*k + a*k + 2*i - 7. Suppose k = 2*p - 9. What is the greatest common divisor of p and 110?
10
Let w be (-1)/4 + (-492)/16. Let q = 40 + w. Suppose 0 = -0*g + 2*g - l - 20, -4*l - 8 = 0. What is the highest common divisor of q and g?
9
Let z = 12 + 15. Calculate the highest common divisor of 1323 and z.
27
Let c be (196/6 - 2)/((-44)/(-66)). Calculate the highest common divisor of c and 161.
23
Let b be 0*1/3 + 8. Let a = 502 + -486. Calculate the highest common factor of a and b.
8
Suppose 43*n - 46*n + 369 = 2*w, 182 = w + 4*n. What is the greatest common factor of w and 62?
62
Suppose 0 = 8*d - 9*d + 95. Let n = -32 + d. Calculate the highest common divisor of n and 42.
21
Let w = -7 + -65. Let i be ((-9)/(-24)*2)/((-2)/w). What is the greatest common divisor of 3 and i?
3
Let x(m) = -19*m**2 - 2*m + 2. Let a = -4 + 6. Let y be x(a). Let f = y - -163. Calculate the highest common factor of f and 17.
17
Let q(a) be the second derivative of a**4/12 + 4*a**3/3 + 9*a**2/2 - 12*a. Let t be q(-9). Let v = 15 - -3. Calculate the greatest common divisor of v and t.
18
Suppose 3*b - 36 = -105. Let g = b + 58. What is the highest common factor of g and 385?
35
Let v be ((-7 - -439) + 5)/1. What is the greatest common factor of v and 76?
19
Suppose 5*i + 71 = 2*k, -3*k + 4*i = 5*i - 81. Let c be 9/2*196/21. Calculate the highest common divisor of k and c.
14
Suppose 1043 = 19*x - 667. Suppose 4*s - s + 3 = 0, -4*r - 2*s = -38. Calculate the highest common divisor of r and x.
10
Suppose 2*b - 3*k = 156, 0 = -0*b + 5*b - 4*k - 390. Let c be ((-22)/(-55))/(38/1235). What is the highest common divisor of b and c?
13
Suppose 43*g - 8331 = 12739. What is the highest common factor of 20 and g?
10
Suppose 3*y - 2*h - 737 = 0, 26*y + 980 = 30*y - 2*h. Calculate the highest common divisor of y and 54.
27
Let g be 29*6 - (-12 - -12 - -6). Calcu